{"id":10,"date":"2025-10-27T19:50:08","date_gmt":"2025-10-27T22:50:08","guid":{"rendered":"https:\/\/cartoriocaruaru2.abildeveloper.com.br\/?page_id=10"},"modified":"2025-10-27T20:25:19","modified_gmt":"2025-10-27T23:25:19","slug":"inicio","status":"publish","type":"page","link":"https:\/\/cartoriocaruaru2.abildeveloper.com.br\/","title":{"rendered":"INICIO"},"content":{"rendered":"\t\t<div data-elementor-type=\"wp-page\" data-elementor-id=\"10\" class=\"elementor elementor-10\" data-elementor-post-type=\"page\">\n\t\t\t\t<div class=\"elementor-element elementor-element-250beb1f e-con-full e-flex e-con e-parent\" data-id=\"250beb1f\" data-element_type=\"container\" data-settings=\"{&quot;background_background&quot;:&quot;classic&quot;}\">\n\t\t\t\t<div class=\"elementor-element elementor-element-49a2a12b elementor-widget__width-initial elementor-widget-mobile__width-inherit elementor-widget elementor-widget-heading\" data-id=\"49a2a12b\" data-element_type=\"widget\" data-widget_type=\"heading.default\">\n\t\t\t\t\t<h2 class=\"elementor-heading-title elementor-size-default\"><span class=\"selecionado\">Lorem Ipsum Lorem Ipsum Lorem Ipsum!<\/span><\/h2>\t\t\t\t<\/div>\n\t\t\t\t<div class=\"elementor-element elementor-element-291a8de0 elementor-widget__width-initial elementor-widget-mobile__width-inherit elementor-widget elementor-widget-heading\" data-id=\"291a8de0\" data-element_type=\"widget\" data-widget_type=\"heading.default\">\n\t\t\t\t\t<h2 class=\"elementor-heading-title elementor-size-default\">Solu\u00e7\u00f5es especializadas para quem deseja regularizar, certificar e valorizar seu im\u00f3vel com tecnologia de ponta.\n<\/h2>\t\t\t\t<\/div>\n\t\t\t\t<div class=\"elementor-element elementor-element-7de8389 elementor-widget__width-initial elementor-widget-mobile__width-inherit elementor-widget elementor-widget-heading\" data-id=\"7de8389\" data-element_type=\"widget\" data-widget_type=\"heading.default\">\n\t\t\t\t\t<h2 class=\"elementor-heading-title elementor-size-default\">Atendimento especializado |  Tecnologia de ponta | Profissionais qualificados<\/h2>\t\t\t\t<\/div>\n\t\t\t\t<div class=\"elementor-element elementor-element-30da310f elementor-mobile-align-justify elementor-widget-mobile__width-inherit elementor-widget elementor-widget-button\" data-id=\"30da310f\" data-element_type=\"widget\" data-widget_type=\"button.default\">\n\t\t\t\t\t\t\t\t\t\t<a class=\"elementor-button elementor-button-link elementor-size-sm elementor-animation-grow\" href=\"#\">\n\t\t\t\t\t\t<span class=\"elementor-button-content-wrapper\">\n\t\t\t\t\t\t<span class=\"elementor-button-icon\">\n\t\t\t\t<svg aria-hidden=\"true\" class=\"e-font-icon-svg e-fab-whatsapp\" viewBox=\"0 0 448 512\" xmlns=\"http:\/\/www.w3.org\/2000\/svg\"><path d=\"M380.9 97.1C339 55.1 283.2 32 223.9 32c-122.4 0-222 99.6-222 222 0 39.1 10.2 77.3 29.6 111L0 480l117.7-30.9c32.4 17.7 68.9 27 106.1 27h.1c122.3 0 224.1-99.6 224.1-222 0-59.3-25.2-115-67.1-157zm-157 341.6c-33.2 0-65.7-8.9-94-25.7l-6.7-4-69.8 18.3L72 359.2l-4.4-7c-18.5-29.4-28.2-63.3-28.2-98.2 0-101.7 82.8-184.5 184.6-184.5 49.3 0 95.6 19.2 130.4 54.1 34.8 34.9 56.2 81.2 56.1 130.5 0 101.8-84.9 184.6-186.6 184.6zm101.2-138.2c-5.5-2.8-32.8-16.2-37.9-18-5.1-1.9-8.8-2.8-12.5 2.8-3.7 5.6-14.3 18-17.6 21.8-3.2 3.7-6.5 4.2-12 1.4-32.6-16.3-54-29.1-75.5-66-5.7-9.8 5.7-9.1 16.3-30.3 1.8-3.7.9-6.9-.5-9.7-1.4-2.8-12.5-30.1-17.1-41.2-4.5-10.8-9.1-9.3-12.5-9.5-3.2-.2-6.9-.2-10.6-.2-3.7 0-9.7 1.4-14.8 6.9-5.1 5.6-19.4 19-19.4 46.3 0 27.3 19.9 53.7 22.6 57.4 2.8 3.7 39.1 59.7 94.8 83.8 35.2 15.2 49 16.5 66.6 13.9 10.7-1.6 32.8-13.4 37.4-26.4 4.6-13 4.6-24.1 3.2-26.4-1.3-2.5-5-3.9-10.5-6.6z\"><\/path><\/svg>\t\t\t<\/span>\n\t\t\t\t\t\t\t\t\t<span class=\"elementor-button-text\">Fale agora no WhatsApp!<\/span>\n\t\t\t\t\t<\/span>\n\t\t\t\t\t<\/a>\n\t\t\t\t\t\t\t\t<\/div>\n\t\t<div class=\"elementor-element elementor-element-4c040fb e-flex e-con-boxed e-con e-child\" data-id=\"4c040fb\" data-element_type=\"container\" data-settings=\"{&quot;background_background&quot;:&quot;classic&quot;}\">\n\t\t\t\t\t<div class=\"e-con-inner\">\n\t\t<div class=\"elementor-element elementor-element-66c9db55 e-con-full e-flex e-con e-child\" data-id=\"66c9db55\" data-element_type=\"container\">\n\t\t\t\t<div class=\"elementor-element elementor-element-3bb3cd93 elementor-view-default elementor-position-top elementor-mobile-position-top elementor-widget elementor-widget-icon-box\" data-id=\"3bb3cd93\" data-element_type=\"widget\" data-widget_type=\"icon-box.default\">\n\t\t\t\t\t\t\t<div class=\"elementor-icon-box-wrapper\">\n\n\t\t\t\t\t\t<div class=\"elementor-icon-box-icon\">\n\t\t\t\t<span  class=\"elementor-icon\">\n\t\t\t\t<svg xmlns=\"http:\/\/www.w3.org\/2000\/svg\" id=\"Layer_1\" height=\"512\" viewBox=\"0 0 60 60\" width=\"512\"><g><path d=\"m53 18h-15v11.08c.33-.05.66-.08 1-.08 3.86 0 7 3.14 7 7 0 1.74-.64 3.34-1.7 4.56 2.75 1.13 4.7 3.83 4.7 6.99v5.45c0 .35-.07.69-.18 1h4.18c.55 0 1-.45 1-1v-34c0-.55-.45-1-1-1zm-11 9h-1c-.55 0-1-.45-1-1s.45-1 1-1h1c.55 0 1 .45 1 1s-.45 1-1 1zm0-5h-1c-.55 0-1-.45-1-1s.45-1 1-1h1c.55 0 1 .45 1 1s-.45 1-1 1zm4.5 5h-1c-.55 0-1-.45-1-1s.45-1 1-1h1c.55 0 1 .45 1 1s-.45 1-1 1zm0-5h-1c-.55 0-1-.45-1-1s.45-1 1-1h1c.55 0 1 .45 1 1s-.45 1-1 1zm4.5 5h-1c-.55 0-1-.45-1-1s.45-1 1-1h1c.55 0 1 .45 1 1s-.45 1-1 1zm0-5h-1c-.55 0-1-.45-1-1s.45-1 1-1h1c.55 0 1 .45 1 1s-.45 1-1 1z\"><\/path><path d=\"m28 47.55v5.45c0 .55-.45 1-1 1h-14c-.55 0-1-.45-1-1v-5.45c0-3.06 2.49-5.55 5.55-5.55h4.9c3.06 0 5.55 2.49 5.55 5.55z\"><\/path><circle cx=\"20\" cy=\"36\" r=\"5\"><\/circle><circle cx=\"39\" cy=\"36\" r=\"5\"><\/circle><path d=\"m47 47.55v5.45c0 .55-.45 1-1 1h-14c-.55 0-1-.45-1-1v-5.45c0-3.06 2.49-5.55 5.55-5.55h4.9c3.06 0 5.55 2.49 5.55 5.55z\"><\/path><path d=\"m33.72 40.58c-1.07-1.23-1.72-2.83-1.72-4.58 0-2.79 1.64-5.19 4-6.31v-18.59c0-.61-.49-1.1-1.1-1.1h-3.9v-3c0-.55-.45-1-1-1h-16c-.55 0-1 .45-1 1v3h-6c-.55 0-1 .45-1 1v42c0 .55.45 1 1 1h3.18c-.11-.31-.18-.65-.18-1v-5.45c0-3.16 1.95-5.86 4.7-6.99-1.06-1.22-1.7-2.82-1.7-4.56 0-4.3 3.9-7.71 8.35-6.87 2.81.52 5.06 2.82 5.54 5.63.39 2.21-.28 4.3-1.59 5.8 1.93.79 3.45 2.37 4.19 4.33.75-1.96 2.29-3.52 4.23-4.31zm-19.72-13.08c0 .55-.45 1-1 1s-1-.45-1-1v-2c0-.55.45-1 1-1s1 .45 1 1zm0-6c0 .55-.45 1-1 1s-1-.45-1-1v-2c0-.55.45-1 1-1s1 .45 1 1zm0-5.5h-2c-.55 0-1-.45-1-1s.45-1 1-1h2c.55 0 1 .45 1 1s-.45 1-1 1zm6 11.5c0 .55-.45 1-1 1s-1-.45-1-1v-2c0-.55.45-1 1-1s1 .45 1 1zm0-6c0 .55-.45 1-1 1s-1-.45-1-1v-2c0-.55.45-1 1-1s1 .45 1 1zm0-5.5h-2c-.55 0-1-.45-1-1s.45-1 1-1h2c.55 0 1 .45 1 1s-.45 1-1 1zm6 11.5c0 .55-.45 1-1 1s-1-.45-1-1v-2c0-.55.45-1 1-1s1 .45 1 1zm0-6c0 .55-.45 1-1 1s-1-.45-1-1v-2c0-.55.45-1 1-1s1 .45 1 1zm0-5.5h-2c-.55 0-1-.45-1-1s.45-1 1-1h2c.55 0 1 .45 1 1s-.45 1-1 1zm6 5.5c0 .55-.45 1-1 1s-1-.45-1-1v-2c0-.55.45-1 1-1s1 .45 1 1zm-3-6.5c0-.55.45-1 1-1h2c.55 0 1 .45 1 1s-.45 1-1 1h-2c-.55 0-1-.45-1-1zm1 12.5v-2c0-.55.45-1 1-1s1 .45 1 1v2c0 .55-.45 1-1 1s-1-.45-1-1z\"><\/path><\/g><\/svg>\t\t\t\t<\/span>\n\t\t\t<\/div>\n\t\t\t\n\t\t\t\t\t\t<div class=\"elementor-icon-box-content\">\n\n\t\t\t\t\t\t\t\t\t<h3 class=\"elementor-icon-box-title\">\n\t\t\t\t\t\t<span  >\n\t\t\t\t\t\t\tMais de 2 anos de experi\u00eancia \t\t\t\t\t\t<\/span>\n\t\t\t\t\t<\/h3>\n\t\t\t\t\n\t\t\t\t\n\t\t\t<\/div>\n\t\t\t\n\t\t<\/div>\n\t\t\t\t\t\t<\/div>\n\t\t\t\t<\/div>\n\t\t<div class=\"elementor-element elementor-element-106c8a e-con-full e-flex e-con e-child\" data-id=\"106c8a\" data-element_type=\"container\">\n\t\t\t\t<div class=\"elementor-element elementor-element-14557b66 elementor-view-default elementor-position-top elementor-mobile-position-top elementor-widget elementor-widget-icon-box\" data-id=\"14557b66\" data-element_type=\"widget\" data-widget_type=\"icon-box.default\">\n\t\t\t\t\t\t\t<div class=\"elementor-icon-box-wrapper\">\n\n\t\t\t\t\t\t<div class=\"elementor-icon-box-icon\">\n\t\t\t\t<span  class=\"elementor-icon\">\n\t\t\t\t<svg xmlns=\"http:\/\/www.w3.org\/2000\/svg\" height=\"512pt\" viewBox=\"0 0 512 512\" width=\"512pt\"><path d=\"m496.984375 500.492188c-14.65625-11.230469-30.511719-20.804688-47.277344-28.542969l-59.933593-27.671875c-2.964844 8.449218-10.714844 27.355468-26.03125 46.367187-6.472657 8.035157-13.535157 15.15625-21.121094 21.355469h169.378906zm0 0\"><\/path><path d=\"m148.257812 490.644531c-15.316406-19.011719-23.066406-37.917969-26.03125-46.367187l-59.933593 27.671875c-16.765625 7.738281-32.621094 17.3125-47.277344 28.542969l-15.015625 11.507812h169.378906c-7.582031-6.199219-14.648437-13.316406-21.121094-21.355469zm0 0\"><\/path><path d=\"m353.648438 417.996094v-3.414063c-26.433594 22.222657-60.503907 35.628907-97.648438 35.628907s-71.214844-13.40625-97.644531-35.628907v3.414063c0 5.835937-3.421875 11.183594-8.714844 13.625 0 0 23.148437 80.378906 106.363281 80.378906 83.210938 0 106.359375-80.378906 106.359375-80.378906-5.296875-2.441406-8.714843-7.789063-8.714843-13.625zm0 0\"><\/path><path d=\"m256 420.195312c67.273438 0 122-54.75 122-122.050781v-54.03125h-244v54.03125c0 67.300781 54.730469 122.050781 122 122.050781zm0 0\"><\/path><path d=\"m102.359375 214.097656h307.28125c8.285156 0 15-6.71875 15-15.003906 0-8.289062-6.714844-15.007812-15-15.007812h-12.601563v-15.515626c0-48.367187-24.453124-91.117187-61.636718-116.550781v63.316407c0 8.289062-6.714844 15.007812-15 15.007812-8.28125 0-15-6.71875-15-15.007812v-72.859376c0-1.996093.398437-3.902343 1.109375-5.644531-11.222657-4.320312-23.128907-7.246093-35.511719-8.5625v105.472657c0 8.289062-6.71875 15.007812-15 15.007812-8.285156 0-15-6.71875-15-15.007812v-105.472657c-12.382812 1.3125-24.285156 4.242188-35.503906 8.558594.707031 1.746094 1.105468 3.648437 1.105468 5.648437v72.859376c0 8.289062-6.714843 15.007812-15 15.007812-8.285156 0-15-6.71875-15-15.007812v-63.324219c-37.1875 25.433593-61.644531 68.191406-61.644531 116.558593v15.515626h-12.601562c-8.28125 0-15 6.71875-15 15.007812 0 8.285156 6.71875 15.003906 15.003906 15.003906zm0 0\"><\/path><path d=\"m335.402344 42.476562c0-8.289062-6.714844-15.007812-15-15.007812-6.285156 0-11.664063 3.875-13.890625 9.367188 10.257812 3.949218 19.945312 9.0625 28.890625 15.183593zm0 0\"><\/path><path d=\"m191.605469 27.46875c-8.285157 0-15 6.71875-15 15.007812v9.535157c8.945312-6.121094 18.632812-11.234375 28.890625-15.183594-2.230469-5.484375-7.605469-9.359375-13.890625-9.359375zm0 0\"><\/path><path d=\"m271 28.269531v-13.261719c0-8.289062-6.714844-15.007812-15-15.007812s-15 6.71875-15 15.007812v13.261719c4.929688-.527343 9.933594-.800781 15-.800781s10.070312.273438 15 .800781zm0 0\"><\/path><\/svg>\t\t\t\t<\/span>\n\t\t\t<\/div>\n\t\t\t\n\t\t\t\t\t\t<div class=\"elementor-icon-box-content\">\n\n\t\t\t\t\t\t\t\t\t<h3 class=\"elementor-icon-box-title\">\n\t\t\t\t\t\t<span  >\n\t\t\t\t\t\t\tEquipe Especializada de Profissionais\t\t\t\t\t\t<\/span>\n\t\t\t\t\t<\/h3>\n\t\t\t\t\n\t\t\t\t\n\t\t\t<\/div>\n\t\t\t\n\t\t<\/div>\n\t\t\t\t\t\t<\/div>\n\t\t\t\t<\/div>\n\t\t<div class=\"elementor-element elementor-element-6fd29ee4 e-con-full e-flex e-con e-child\" data-id=\"6fd29ee4\" data-element_type=\"container\">\n\t\t\t\t<div class=\"elementor-element elementor-element-4b7680c8 elementor-view-default elementor-position-top elementor-mobile-position-top elementor-widget elementor-widget-icon-box\" data-id=\"4b7680c8\" data-element_type=\"widget\" data-widget_type=\"icon-box.default\">\n\t\t\t\t\t\t\t<div class=\"elementor-icon-box-wrapper\">\n\n\t\t\t\t\t\t<div class=\"elementor-icon-box-icon\">\n\t\t\t\t<span  class=\"elementor-icon\">\n\t\t\t\t<svg xmlns=\"http:\/\/www.w3.org\/2000\/svg\" id=\"Icons\" height=\"512\" viewBox=\"0 0 60 60\" width=\"512\"><path d=\"m40.785 22.715-6.056-.881a1 1 0 0 1 -.753-.547l-2.708-5.5a1.414 1.414 0 0 0 -2.538 0l-2.707 5.5a1 1 0 0 1 -.753.547l-6.057.881a1.42 1.42 0 0 0 -.783 2.42l4.382 4.279a1 1 0 0 1 .288.885l-1.036 6.041a1.416 1.416 0 0 0 2.053 1.495l5.417-2.852a1 1 0 0 1 .932 0l5.417 2.852a1.383 1.383 0 0 0 1.486-.106 1.4 1.4 0 0 0 .566-1.389l-1.035-6.04a1 1 0 0 1 .288-.885l4.381-4.279a1.419 1.419 0 0 0 -.784-2.42z\"><\/path><path d=\"m4.656 45.321a.576.576 0 0 0 .839.608l3.54-1.86a.994.994 0 0 1 .93 0l3.54 1.861a.578.578 0 0 0 .84-.608l-.443-2.6a2.756 2.756 0 0 1 -2.827-.263 2.713 2.713 0 0 1 -1.08-2.673l.667-3.823-2.478-2.377-.977 1.988a1 1 0 0 1 -.755.549l-3.96.57a.584.584 0 0 0 -.316.992l2.863 2.8a1 1 0 0 1 .287.882z\"><\/path><path d=\"m16.545 25.957-1.711 3.422a1 1 0 0 1 -.754.543l-4.43.63a.738.738 0 0 0 -.613.513.71.71 0 0 0 .189.748l3.206 3.077a1 1 0 0 1 .293.893l-.76 4.35a.713.713 0 0 0 .294.714.771.771 0 0 0 .82.066l3.96-2.059a1 1 0 0 1 .923 0l3.959 2.06a.771.771 0 0 0 .819-.066.715.715 0 0 0 .3-.713l-.029-.172a3.406 3.406 0 0 1 -2.917-3.963l.946-5.523-4.007-3.913a3.441 3.441 0 0 1 -.488-.607z\"><\/path><path d=\"m46.5 45.929 3.54-1.86a.994.994 0 0 1 .93 0l3.54 1.861a.578.578 0 0 0 .84-.608l-.671-3.952a1 1 0 0 1 .287-.882l2.859-2.8a.584.584 0 0 0 -.315-1l-3.957-.569a1 1 0 0 1 -.755-.549l-.977-1.988-2.479 2.378.669 3.825a2.714 2.714 0 0 1 -1.081 2.671 2.721 2.721 0 0 1 -2.827.266l-.443 2.6a.577.577 0 0 0 .84.607z\"><\/path><path d=\"m50.778 31.81a.709.709 0 0 0 .185-.745.741.741 0 0 0 -.617-.514l-4.426-.629a1 1 0 0 1 -.754-.543l-1.712-3.423a3.448 3.448 0 0 1 -.488.61l-4.006 3.913.945 5.521a3.413 3.413 0 0 1 -2.911 3.964l-.028.163a.714.714 0 0 0 .293.718.771.771 0 0 0 .82.066l3.96-2.059a1 1 0 0 1 .922 0l3.961 2.06a.771.771 0 0 0 .819-.067.713.713 0 0 0 .3-.712l-.762-4.352a1 1 0 0 1 .293-.893z\"><\/path><\/svg>\t\t\t\t<\/span>\n\t\t\t<\/div>\n\t\t\t\n\t\t\t\t\t\t<div class=\"elementor-icon-box-content\">\n\n\t\t\t\t\t\t\t\t\t<h3 class=\"elementor-icon-box-title\">\n\t\t\t\t\t\t<span  >\n\t\t\t\t\t\t\t+100 Clientes <br>Satisfeitos\t\t\t\t\t\t<\/span>\n\t\t\t\t\t<\/h3>\n\t\t\t\t\n\t\t\t\t\n\t\t\t<\/div>\n\t\t\t\n\t\t<\/div>\n\t\t\t\t\t\t<\/div>\n\t\t\t\t<\/div>\n\t\t<div class=\"elementor-element elementor-element-30f474f6 e-con-full e-flex e-con e-child\" data-id=\"30f474f6\" data-element_type=\"container\">\n\t\t\t\t<div class=\"elementor-element elementor-element-418d49ee elementor-widget elementor-widget-icon-box\" data-id=\"418d49ee\" data-element_type=\"widget\" data-widget_type=\"icon-box.default\">\n\t\t\t\t\t\t\t<div class=\"elementor-icon-box-wrapper\">\n\n\t\t\t\n\t\t\t\t\t\t<div class=\"elementor-icon-box-content\">\n\n\t\t\t\t\t\t\t\t\t<h3 class=\"elementor-icon-box-title\">\n\t\t\t\t\t\t<span  >\n\t\t\t\t\t\t\tSolu\u00e7\u00f5es eficazes e <br>Atua\u00e7\u00e3o Estrat\u00e9gica\t\t\t\t\t\t<\/span>\n\t\t\t\t\t<\/h3>\n\t\t\t\t\n\t\t\t\t\n\t\t\t<\/div>\n\t\t\t\n\t\t<\/div>\n\t\t\t\t\t\t<\/div>\n\t\t\t\t<\/div>\n\t\t\t\t\t<\/div>\n\t\t\t\t<\/div>\n\t\t\t\t<\/div>\n\t\t<div class=\"elementor-element elementor-element-91fb3ed e-flex e-con-boxed e-con e-parent\" data-id=\"91fb3ed\" data-element_type=\"container\">\n\t\t\t\t\t<div class=\"e-con-inner\">\n\t\t\t\t\t<\/div>\n\t\t\t\t<\/div>\n\t\t\t\t<\/div>\n\t\t","protected":false},"excerpt":{"rendered":"<p>Lorem Ipsum Lorem Ipsum Lorem Ipsum! Solu\u00e7\u00f5es especializadas para quem deseja regularizar, certificar e valorizar seu im\u00f3vel com tecnologia de ponta. Atendimento especializado | Tecnologia de ponta | Profissionais qualificados Fale agora no WhatsApp! Mais de 2 anos de experi\u00eancia Equipe Especializada de Profissionais +100 Clientes Satisfeitos Solu\u00e7\u00f5es eficazes e Atua\u00e7\u00e3o Estrat\u00e9gica<\/p>\n","protected":false},"author":1,"featured_media":0,"parent":0,"menu_order":0,"comment_status":"closed","ping_status":"closed","template":"elementor_theme","meta":{"footnotes":""},"class_list":["post-10","page","type-page","status-publish","hentry"],"_links":{"self":[{"href":"https:\/\/cartoriocaruaru2.abildeveloper.com.br\/index.php?rest_route=\/wp\/v2\/pages\/10","targetHints":{"allow":["GET"]}}],"collection":[{"href":"https:\/\/cartoriocaruaru2.abildeveloper.com.br\/index.php?rest_route=\/wp\/v2\/pages"}],"about":[{"href":"https:\/\/cartoriocaruaru2.abildeveloper.com.br\/index.php?rest_route=\/wp\/v2\/types\/page"}],"author":[{"embeddable":true,"href":"https:\/\/cartoriocaruaru2.abildeveloper.com.br\/index.php?rest_route=\/wp\/v2\/users\/1"}],"replies":[{"embeddable":true,"href":"https:\/\/cartoriocaruaru2.abildeveloper.com.br\/index.php?rest_route=%2Fwp%2Fv2%2Fcomments&post=10"}],"version-history":[{"count":10,"href":"https:\/\/cartoriocaruaru2.abildeveloper.com.br\/index.php?rest_route=\/wp\/v2\/pages\/10\/revisions"}],"predecessor-version":[{"id":32,"href":"https:\/\/cartoriocaruaru2.abildeveloper.com.br\/index.php?rest_route=\/wp\/v2\/pages\/10\/revisions\/32"}],"wp:attachment":[{"href":"https:\/\/cartoriocaruaru2.abildeveloper.com.br\/index.php?rest_route=%2Fwp%2Fv2%2Fmedia&parent=10"}],"curies":[{"name":"wp","href":"https:\/\/api.w.org\/{rel}","templated":true}]}}